e -m*v = -2*v - 5. List the prime factors of v.
5
Let d = 173 - 114. What are the prime factors of d?
59
Suppose 30 = 2*h + 12. Suppose -3*m + 30 + h = 0. List the prime factors of m.
13
Let t(u) = -u + 7. Let w be t(3). Suppose 0 = -2*f + w*o + 14, -f - 6*o + 7 = -4*o. List the prime factors of f.
7
Let f be 80/6 + (-3)/9. Suppose 1 = y - f. What are the prime factors of y?
2, 7
Suppose -2 = -5*j - 12. List the prime factors of ((-1 - -2)*-18)/j.
3
Suppose 3*f - 7*f = -5*s - 59, -43 = -3*f + 5*s. Let c = 19 + f. List the prime factors of c.
5, 7
Let r(g) be the first derivative of 2*g**2 - 4*g + 1. Let i be (-10)/3*12/(-10). What are the prime factors of r(i)?
2, 3
Let p = -31 + 58. List the prime factors of p.
3
What are the prime factors of 26/((-6)/(-4) - 1)?
2, 13
Suppose -l = -2, -4*v + 3*l = -5 - 9. Let b = -17 + 43. Suppose 34 = v*n - b. List the prime factors of n.
2, 3
Suppose -14*g + 2820 = 48. What are the prime factors of g?
2, 3, 11
Let k(n) = -2*n**2 - 6*n - 1. Let q be k(-4). List the prime factors of 3*((-57)/q + 4).
31
Let t(h) = h**2 - 2. Let q be t(2). Let l(b) = -10 + 2 - 2*b**2 + 2*b**q - 8*b - b**2. What are the prime factors of l(-6)?
2
Suppose y - 6*y - 2*f = -50, -4*y - 5*f = -57. Let m = y + 1. What are the prime factors of m?
3
Let l = -370 + 710. What are the prime factors of l?
2, 5, 17
Let z be ((-10)/3)/(22/(-33)). Suppose -z*b - 90 = -10*b. What are the prime factors of b?
2, 3
Suppose -5*w = -11 + 1. Let b = w + 0. List the prime factors of b.
2
Let g(y) = 3*y + 2. What are the prime factors of g(3)?
11
Let v(x) = -x**2 - 10*x + 2. Let a be v(-8). Let m be 58/a + 4/(-18). List the prime factors of 20 - (m + 0 + -1).
2, 3
Let g be 70/2 + -4 + 2. Let u = g + -23. List the prime factors of u.
2, 5
Let s = -31 - -63. Suppose 4*w + i = -3*i + s, -38 = -5*w - 4*i. List the prime factors of w.
2, 3
Suppose 0 = -0*b + b - 8. Suppose 9*s = b*s + 36. List the prime factors of s.
2, 3
Suppose -n + 18 = -5*n - 2*g, g = -n - 2. Let b = n - -18. What are the prime factors of b?
11
Suppose 3*f = -0*f + 5*g + 197, 0 = 2*f - 4*g - 128. What are the prime factors of f?
2, 37
Let n be 9/(-27) + 26/6. Suppose -q - 2*r = 2*r - 1, 4*q + n*r = 28. What are the prime factors of q?
3
Suppose 0 = s + 2*x - x - 13, 4*x = -2*s + 36. Let l = s + -17. Let v = 20 + l. List the prime factors of v.
11
Suppose -3*g + 0*g = -84. Suppose 51 - g = i. List the prime factors of i.
23
Suppose 0 = -3*x + x + 4. Suppose 5*i = x*c + 8, -5*c - i - 26 = -10*c. List the prime factors of c.
2, 3
Let r = 30 - -244. List the prime factors of r.
2, 137
Let n be (-19)/(-7) + (-6)/(-21). Suppose -n*a = -5*a. List the prime factors of 2 - (-7 + a/3).
3
Suppose 0*q + 8 = 2*q. Let t = q + 8. List the prime factors of t.
2, 3
Let t = 13 - 0. What are the prime factors of t?
13
Suppose -n + 2*s = -344, 0 = n + 2*s + 104 - 440. List the prime factors of n.
2, 5, 17
Suppose -b = 4*y - 1020, 2*b = 5*b - y - 3125. What are the prime factors of (-8)/(-14) + b/91?
2, 3
Suppose 0*f + 24 = 2*f + 2*s, f - s = 10. What are the prime factors of f?
11
Let b = 20 + -5. Let c be 19/3 + (-5)/b. Let m = c + 0. What are the prime factors of m?
2, 3
Suppose 0 = -0*b + b - c - 5, -2*c - 7 = -b. Suppose -4*m - 2*i + 9 + 17 = 0, -b*m = -i - 7. Suppose 0 = y - m*y + 27. What are the prime factors of y?
3
Let u(g) = -g + 45 + 6 + 2 + 3. Let c be u(0). Suppose -t - c = -5*t. What are the prime factors of t?
2, 7
Suppose 5*k - 298 = 2*l, 10 = -k + 3*l + 67. What are the prime factors of k?
2, 3, 5
Let l(w) = -w**3 - 2*w**2 + 2*w - 5. List the prime factors of l(-4).
19
Let t be (-33)/(-77) + 39/7. Suppose r - 1 = t. List the prime factors of r.
7
Suppose 5 = 5*u, -5*u + 5 = 2*y + 2*y. Suppose -5*b + 12 + 13 = 0, y = z - b. List the prime factors of z.
5
Let j(u) = 13*u**3 - 2*u**2 + 2*u - 1. Suppose 0 = -g - g + 16. Suppose 4*r - h - g = 0, 0 = 2*r + 3*h + 7 + 3. List the prime factors of j(r).
2, 3
Suppose -3*y = -12, -66 = -4*z - 2*y + 322. List the prime factors of z.
5, 19
Let m be (1 + -1)/(2 + 0). Suppose -3*l + 15 = 0, -2*s + 3*l + 9 = -m*l. What are the prime factors of s?
2, 3
Suppose -5*o - o = -270. What are the prime factors of o?
3, 5
Let u(f) = -2*f + 6*f - 5 - 3*f. Let d = 31 + -23. What are the prime factors of u(d)?
3
Let d(n) be the third derivative of -23*n**5/60 + n**4/12 + n**3/6 + 2*n**2. Let j be d(-1). List the prime factors of (-4)/((j/9)/4).
2, 3
Let f(q) = 7*q**2 - 6*q + 23. List the prime factors of f(3).
2, 17
Suppose -434 - 526 = 4*h. Let p be 12/10*h/(-9). List the prime factors of 3/2*p/3.
2
Suppose 4*u - 5*y = -61, u - 2*y = -0*y - 19. List the prime factors of (20/3)/((-6)/u).
2, 5
Suppose -2*b + 1139 = 331. What are the prime factors of b?
2, 101
Suppose 4*b = l - 2*l + 82, l + 3*b - 77 = 0. What are the prime factors of l?
2, 31
Suppose -27*q = -23*q - 320. List the prime factors of q.
2, 5
Suppose 0 = -2*y - 3*w + 45, 4*w = -4*y + 14 + 66. List the prime factors of y.
3, 5
Let n(r) = r**3 + 13*r**2 - r - 10. Let b be n(-13). Suppose -3*i + b*s + 30 = 6*s, 0 = -4*i + 5*s + 76. What are the prime factors of i?
2, 7
Suppose -2*h - 33 = -165. Let j = h + -30. What are the prime factors of j?
2, 3
Let m = -178 + 393. What are the prime factors of m?
5, 43
Let s(l) = -98*l + 13. What are the prime factors of s(-2)?
11, 19
Let g be 8/(-8) + (0 - -3). What are the prime factors of 1/g*12/1?
2, 3
What are the prime factors of 48/9 + (-4)/(-6)?
2, 3
Let r be -49*(5 + -3 + -1). Let w = r + 73. List the prime factors of w.
2, 3
Let s(k) = -k**2 - 10*k - 11. List the prime factors of s(-7).
2, 5
Let v(f) = -10*f**3 - 2*f - 1. Suppose -2 = g - 1. List the prime factors of v(g).
11
Suppose c = -q - 62, 0*q + q - 253 = 4*c. What are the prime factors of (-1548)/c - 3/(-7)?
5
Let b(t) = -5*t**2 - 5*t - 5. Let h(p) = -p**3 - p**2 + p - 4. Let m be h(0). Let n be b(m). List the prime factors of n/(-7) + (-4)/14.
3
Suppose 5*b = -2*y + 163, -y - 23 = -b + y. Suppose 3*c = 38 + b. What are the prime factors of c?
23
Let d be 1/6*22*27. Suppose 4*l - 33 - d = 0. What are the prime factors of l?
3, 11
Let r be 12/(-16) - (-30)/8. Suppose 25 = 5*u - 4*j - 176, r*u - 127 = -4*j. What are the prime factors of u?
41
List the prime factors of 12/(-4) + 88 + 1.
2, 43
Let m = 4 + -1. Suppose -96 = -5*c + 2*u, -3*u + 31 = m*c - 35. Suppose 4*f - c = -0*f. What are the prime factors of f?
5
Let q(v) be the third derivative of v**6/720 + v**5/40 + v**4/8 + 3*v**2. Let u(k) be the second derivative of q(k). What are the prime factors of u(3)?
2, 3
Let o = 49 + 11. Suppose 3*l - o = -5*k - 2*l, -4*k + 33 = -l. List the prime factors of k.
3
Suppose -3*t + 95 = -t - 3*z, -3*t - z = -126. Suppose -2*o + 3*v = -t, -11 = 3*o - 2*v - 83. Suppose j + j - o = 0. List the prime factors of j.
13
Suppose -4*r + 504 = q, 0 = -5*r - 2*q + 297 + 333. What are the prime factors of r?
2, 3, 7
Let c = 8 + -6. Let z be (c + -1 - -1)*5. Let b = z + 0. List the prime factors of b.
2, 5
Let w = 166 + -89. List the prime factors of w.
7, 11
Let r(u) = -u**2 - 5*u - 6. Let j be r(-6). Let x = -22 - 5. Let c = j - x. List the prime factors of c.
3, 5
Let d(n) = 2*n**2 + 16*n + 4. Let g be d(-11). Suppose c = 4*s + g, -5*s + 88 = 3*c - c. List the prime factors of c.
2, 3
Let a(z) be the third derivative of 0 + 5/6*z**3 + 0*z + 1/24*z**4 - 1/60*z**5 - 2*z**2. What are the prime factors of a(0)?
5
Let r(j) = 4*j**2 + 5 + 7*j + j**3 + 2*j**2 - 2*j**3. List the prime factors of r(7).
5
Let t = 39 - -36. What are the prime factors of t?
3, 5
Let k = -37 + 85. List the prime factors of k.
2, 3
Suppose 6 = -5*z + 6*z. Let n = -9 + 6. What are the prime factors of z/(1 + n/12)?
2
Let v(l) be the second derivative of -3*l**2 - 1/12*l**4 + 0 - l - 3/2*l**3. What are the prime factors of v(-6)?
2, 3
Let s(d) = -d**3 - d**2 - 2*d. What are the prime factors of s(-3)?
2, 3
Suppose 0 = 2*g + x - 619, -3*g + 254 = 2*x - 672. What are the prime factors of g?
2, 3, 13
Let u(n) = 7*n - 17. What are the prime factors of u(10)?
53
Suppose -3*w = -2*w - 16. Suppose w = -2*s + 48. What are the prime factors of s?
2
Suppose 3*h + 2*q + 2 = 6*q, 5*h - 3*q = 4. Suppose y = h*y. Suppose g - 20 + y = 5*b, 0 = -g + b + 16. What are t